he greatest common factor of q and p?
41
Let t(s) = -s**2 - 8*s - 4. Let q be t(-5). Suppose 0 = 4*c - k - 173, 13 - 7 = 2*k. Calculate the highest common divisor of c and q.
11
Suppose -8*g = -8 - 96. Suppose -g = -8*f + 11. Suppose 4*d = -f*u + 21, 15 = 3*d + 3*u - 0. Calculate the greatest common divisor of d and 6.
6
Suppose 0 = 24*t - 1149 - 891. What is the highest common divisor of 119 and t?
17
Suppose -2*a - 2*t + t + 25 = 0, a = 5*t - 4. Let y = -29 - -51. Calculate the greatest common factor of y and a.
11
Suppose 264 = -g + 374. Calculate the highest common factor of 407 and g.
11
Let h = 4860 + -4782. Calculate the highest common factor of 4342 and h.
26
Let c = 2151 - 2099. What is the greatest common factor of c and 2834?
26
Suppose -3*k + 222 = -k. Let z be (-5)/(-15)*-99 - -36. What is the greatest common divisor of z and k?
3
Suppose 5*r - 245 = -5*c, 5*r - 3*c - 213 = -0*r. Let l = 651 + -696. Let p be (18/(-5))/(9/l). What is the greatest common factor of p and r?
9
Suppose 38*p - 9846 = -3*x + 35*p, 0 = 3*p + 3. Calculate the greatest common divisor of 49 and x.
49
Suppose -o + 5*o - 4*k - 28 = 0, -14 = -2*o + k. Let m be -4*o/(-42)*24. Calculate the highest common divisor of 64 and m.
16
Let h be ((-196)/(-35))/((24/20)/3). Suppose 0 = 5*j - 121 - h. Let l be (-1)/5 + (-5944)/(-20). What is the greatest common divisor of j and l?
27
Suppose -4*x + 9*x = 225. Let f be (2/(-16))/(23/(-368)) + 4. What is the highest common factor of x and f?
3
Let j = 91 - -40. Suppose 5*w - 681 + j = 0. Suppose 0 = -8*m + 52 + 28. Calculate the greatest common divisor of m and w.
10
Let r be (-4 + 21/9)/(205/(-20664)). Calculate the highest common divisor of r and 2304.
24
Suppose 2*g + 3494 = 5*w - w, 4366 = 5*w - 3*g. What is the highest common divisor of w and 35?
35
Suppose 4*x = -3*b - 1605, 26*x + 411 = 25*x - 4*b. Let j = -387 - x. What is the highest common factor of 60 and j?
12
Suppose -143*c - 52*c - 1589 + 4319 = 0. Suppose 3*j - 2*g - 722 = -j, 0 = 3*j + 4*g - 558. Calculate the greatest common divisor of c and j.
14
Let p(o) = 25*o - 265. Let q be p(11). Let f(s) be the first derivative of -3*s**2/2 + 57*s - 2. Let l be f(q). What is the greatest common divisor of 3 and l?
3
Let r(g) = g**3 + 22*g**2 - 12*g + 437. Let s be r(-23). Let f = 6 - 4. Suppose 0 = -2*v - f*v + 92. Calculate the greatest common factor of v and s.
23
Let x(z) = -125*z. Let p be x(-1). Suppose 5*f - 119 = -16*k + 18*k, 0 = -3*f - 5*k + 90. What is the greatest common divisor of p and f?
25
Let k = -1625 - -1640. Calculate the highest common divisor of k and 245.
5
Suppose 302967 = -2201*n + 2228*n. Calculate the greatest common factor of 49 and n.
49
Let b = 22 + -7. Let k = 8277 + -8217. What is the greatest common factor of b and k?
15
Let i = -2511 + 2715. Calculate the greatest common divisor of i and 24.
12
Let j = -8045 + 8076. Calculate the greatest common factor of 1984 and j.
31
Let j be (-3312 + -770)*(-2)/4. What is the greatest common factor of j and 182?
13
Suppose -24*b = -21*b + 1335. Let u = b - -718. Calculate the greatest common divisor of u and 21.
21
Let y be -28*(5 + ((-16317)/(-12))/(-7)). What is the highest common divisor of 7 and y?
7
Let g be 8/(384/104)*48. Suppose -3*m + 107 - 29 = 0. Calculate the highest common factor of m and g.
26
Suppose -27*o = -19*o - 1712. Suppose 0 = 5*h + o - 1454. Calculate the greatest common factor of 8 and h.
8
Suppose -19*q - 29900 = -45*q. What is the highest common factor of 325 and q?
25
Suppose 3*y - 29*a - 260 = -25*a, a = -2. What is the highest common divisor of 10290 and y?
42
Let w(m) = -m**3 + m**2 - 3*m + 6. Let t be w(-4). Let d = -230 - -300. Calculate the highest common factor of d and t.
14
Suppose 2*q + 5587 - 15683 = 3*v, -v = 0. Calculate the greatest common divisor of 16 and q.
8
Let w(k) be the second derivative of 3*k**5/10 - k**4/12 + 2*k**2 - 106*k. Let n be w(2). Calculate the highest common factor of n and 384.
48
Let o(l) = -l**3 + 131*l**2 - 126*l - 197. Let p be o(130). Calculate the highest common divisor of 57 and p.
19
Let w(c) = 7*c - 15. Let b be w(8). Let f = b - 62. Let l = f + 37. Calculate the highest common factor of 2 and l.
2
Let c = -2754 - -2832. Calculate the greatest common divisor of 1586 and c.
26
Suppose 0 = -640*g + 775*g - 103537 - 1898. Let n = 175 + -104. What is the highest common divisor of g and n?
71
Let s be 1/(3 + 6 + 64735/(-7194)). What is the highest common divisor of s and 48?
6
Let q = 29397 + -27654. What is the greatest common factor of q and 504?
21
Suppose -67292 = -334*m + 7524. Suppose -3*u = -6*u + 258. Suppose -u = -4*y - 22. Calculate the highest common factor of m and y.
16
Let m = 2010 - 346. Let f be 172/3 + -6 - (-124)/186. Calculate the highest common factor of f and m.
52
Suppose 198*n + 2*z = 193*n + 383, 2*n + 5*z - 149 = 0. What is the greatest common factor of n and 2233?
77
Let k = 85 + -83. Suppose -5*c - 19 = -3*p, 5*p - 3*c - 25 = k*c. Calculate the highest common divisor of p and 12.
3
Suppose 13*c - 43*c - 70*c + 113300 = 0. Calculate the greatest common divisor of 44 and c.
11
Suppose 1622 = 2*q + 2*p, -2*q = -11*p - 147 - 1475. Calculate the highest common factor of 1 and q.
1
Let p = -4335 + 4700. What is the highest common factor of 7 and p?
1
Let s(y) = -y**2 + 3*y + 7. Let l be s(0). Suppose l*v = -3 + 171. Let w = 28 + -16. What is the greatest common divisor of v and w?
12
Let a = 197 - 171. Suppose -a = 13*i - 182. Calculate the greatest common factor of 8 and i.
4
Let w be 1/(-9) + (-492)/(-54). Calculate the highest common factor of 10 and w.
1
Suppose 2*q - 24 = -3*o, 0 = -5*q + 5*o - 0*o + 60. Let d(p) = p + 69. Let u be d(q). Calculate the greatest common factor of u and 45.
9
Let x(o) = 38*o**2 + 19*o + 104. Let i be x(-7). What is the greatest common factor of i and 564?
141
Let y(t) = 755*t**2 - 3141*t + 7. Let v be y(6). What is the highest common factor of v and 38?
19
Let k = 22 + -24. Let g be k/4 - 20/(-8). Suppose 2 + 20 = g*b. What is the greatest common factor of b and 1?
1
Let b be 8/(20/16 + (-1703)/1404). Let l = 12 - -24. Calculate the greatest common factor of b and l.
36
Suppose 0 = -5*c + f + 1370, 16*c + 2*f - 1082 = 12*c. Calculate the highest common factor of c and 585.
39
Let m be (280/32)/((-25)/(-870))*1200/14. What is the greatest common factor of m and 58?
58
Let r be (-1 - -1)*1 + 14. Let x(t) = 3*t + 4. Let n be x(8). Suppose 196 - n = 6*m. What is the highest common divisor of m and r?
14
Suppose -455*w + 452*w + d = -41, -71 = -5*w + 3*d. Calculate the greatest common factor of w and 1651.
13
Let f = 26759 - 26624. Calculate the greatest common factor of f and 111.
3
Let g(r) = r**2 + r - 9. Suppose -17 + 3 = 3*f + 2*v, 2*f + 3*v = -6. Let z be g(f). Let b = -76 + 97. What is the highest common divisor of b and z?
21
Let u(t) = 134*t + 98. Let j be u(1). What is the greatest common divisor of 10 and j?
2
Suppose 2*f + 9*f - 2*f = 0. Suppose f = 6*r - 17*r + 165. Calculate the greatest common divisor of r and 285.
15
Let k be (-3)/30 - (-7844265)/2650. What is the greatest common divisor of k and 160?
80
Let l(y) = -2*y**2 + 27*y - 7. Let n be l(3). Let m(g) = -83*g**3 + 2*g**2 + 2*g + 1. Let b be m(-1). Calculate the highest common factor of b and n.
28
Suppose 5*a - 10 = -5*u, 4 = -2*a + 3*u + 13. Let o(d) = 7*d - 5*d - 4*d + 4*d - a. Let f be o(3). Calculate the greatest common divisor of 12 and f.
3
Let l be -33*(-11 + 1 + -1). Suppose 6*a - 189 = l. Calculate the highest common factor of 322 and a.
46
Suppose 20 - 6 = 2*h + 3*k, 0 = -h - 4*k + 7. Suppose -9*i + 186 = -h*i. Suppose -2*g + i + 11 = 0. What is the greatest common divisor of 26 and g?
26
Let z be 2/(-7) + 8324/77 - 1106/(-6083). Calculate the highest common factor of 756 and z.
108
Suppose -141*m + 27495 = -3666. Calculate the highest common divisor of m and 323.
17
Suppose -t - 459 = -36*t + 521. Let i be -35*((-24)/15)/(-4). Let d = 21 + i. Calculate the highest common factor of d and t.
7
Let k(c) be the second derivative of 0 + 1/20*c**5 + 1/3*c**3 + 15/2*c**2 - 1/12*c**4 - 21*c. Let f be k(0). What is the highest common divisor of 10 and f?
5
Let s = 48 + 18. Suppose -23*y = -26*y + 66. Le